{"id":9893,"date":"2021-12-04T18:07:50","date_gmt":"2021-12-04T17:07:50","guid":{"rendered":"https:\/\/probono-rechtsberatung.de\/veranstaltung\/2-fachtag-der-refugee-law-clinics\/"},"modified":"2021-12-04T18:07:50","modified_gmt":"2021-12-04T17:07:50","slug":"2-fachtag-der-refugee-law-clinics","status":"publish","type":"tribe_events","link":"https:\/\/probono-rechtsberatung.de\/en\/veranstaltung\/2-fachtag-der-refugee-law-clinics\/","title":{"rendered":"2. Fachtag der Refugee Law Clinics"},"content":{"rendered":"<p>Der Dachverband der Refugee Law Clinics in Deutschland (RLCs Deutschland e.V.) veranstaltet seinen zweiten Fachtag zum Thema<br \/>\n\u201eStrategische Prozessf\u00fchrung im Migrationsrecht\u201c.<\/p>\n<p>Strategische Prozessf\u00fchrung (strategic litigation) meint, die juristische Arbeit vor Gericht f\u00fcr die Verbesserung von allgemein relevanten Problemen einzusetzen. Es soll herausgefunden werden, wer die Strategische Prozessf\u00fchrung im Migrationsrecht wie nutzt und welche Rolle RLCs hierbei spielen (k\u00f6nnen), Gesetze und ihre Anwendung zu analysieren und einer Kontrolle zuzuf\u00fchren.<\/p>\n<p>\u00dcber das Erstreiten h\u00f6chstrichterlicher Aussagen hinaus kann zuweilen bereits durch vereinzelte erstinstanzlich gewonnene Verfahren eine Ver\u00e4nderung der Rechtsanwendungspraxis der Beh\u00f6rden und damit eine St\u00e4rkung der Rechte von Betroffenen in \u00e4hnlich gelagerten Sachverhalten erzielt werden. Ob und wie (nicht nur) RLCs sich hieran beteiligen und mit lokalen und \u00fcberregionalen Strukturen kooperieren k\u00f6nnen, soll diskutiert werden.<\/p>\n","protected":false},"excerpt":{"rendered":"<p>Der Dachverband der Refugee Law Clinics in Deutschland (RLCs Deutschland e.V.) veranstaltet seinen zweiten Fachtag zum Thema \u201eStrategische Prozessf\u00fchrung im Migrationsrecht\u201c. Strategische Prozessf\u00fchrung (strategic litigation) meint, die juristische Arbeit vor [&hellip;]<\/p>\n","protected":false},"author":1,"featured_media":0,"template":"","meta":{"_acf_changed":false,"_tribe_events_status":"","_tribe_events_status_reason":"","footnotes":""},"tags":[],"tribe_events_cat":[],"class_list":["post-9893","tribe_events","type-tribe_events","status-publish","hentry"],"acf":[],"yoast_head":"<!-- This site is optimized with the Yoast SEO plugin v27.5 - https:\/\/yoast.com\/product\/yoast-seo-wordpress\/ -->\n<title>2. Fachtag der Refugee Law Clinics &#8226; Pro Bono Rechtsberatung<\/title>\n<meta name=\"robots\" content=\"index, follow, max-snippet:-1, max-image-preview:large, max-video-preview:-1\" \/>\n<link rel=\"canonical\" href=\"https:\/\/probono-rechtsberatung.de\/en\/veranstaltung\/2-fachtag-der-refugee-law-clinics\/\" \/>\n<meta property=\"og:locale\" content=\"en_US\" \/>\n<meta property=\"og:type\" content=\"article\" \/>\n<meta property=\"og:title\" content=\"2. Fachtag der Refugee Law Clinics &#8226; Pro Bono Rechtsberatung\" \/>\n<meta property=\"og:description\" content=\"Der Dachverband der Refugee Law Clinics in Deutschland (RLCs Deutschland e.V.) veranstaltet seinen zweiten Fachtag zum Thema \u201eStrategische Prozessf\u00fchrung im Migrationsrecht\u201c. Strategische Prozessf\u00fchrung (strategic litigation) meint, die juristische Arbeit vor [&hellip;]\" \/>\n<meta property=\"og:url\" content=\"https:\/\/probono-rechtsberatung.de\/en\/veranstaltung\/2-fachtag-der-refugee-law-clinics\/\" \/>\n<meta property=\"og:site_name\" content=\"Pro Bono Rechtsberatung\" \/>\n<meta name=\"twitter:card\" content=\"summary_large_image\" \/>\n<meta name=\"twitter:label1\" content=\"Est. reading time\" \/>\n\t<meta name=\"twitter:data1\" content=\"1 minute\" \/>\n<script type=\"application\/ld+json\" class=\"yoast-schema-graph\">{\"@context\":\"https:\\\/\\\/schema.org\",\"@graph\":[{\"@type\":\"WebPage\",\"@id\":\"https:\\\/\\\/probono-rechtsberatung.de\\\/en\\\/veranstaltung\\\/2-fachtag-der-refugee-law-clinics\\\/\",\"url\":\"https:\\\/\\\/probono-rechtsberatung.de\\\/en\\\/veranstaltung\\\/2-fachtag-der-refugee-law-clinics\\\/\",\"name\":\"2. Fachtag der Refugee Law Clinics &#8226; Pro Bono Rechtsberatung\",\"isPartOf\":{\"@id\":\"https:\\\/\\\/probono-rechtsberatung.de\\\/en\\\/#website\"},\"datePublished\":\"2021-12-04T17:07:50+00:00\",\"breadcrumb\":{\"@id\":\"https:\\\/\\\/probono-rechtsberatung.de\\\/en\\\/veranstaltung\\\/2-fachtag-der-refugee-law-clinics\\\/#breadcrumb\"},\"inLanguage\":\"en-US\",\"potentialAction\":[{\"@type\":\"ReadAction\",\"target\":[\"https:\\\/\\\/probono-rechtsberatung.de\\\/en\\\/veranstaltung\\\/2-fachtag-der-refugee-law-clinics\\\/\"]}]},{\"@type\":\"BreadcrumbList\",\"@id\":\"https:\\\/\\\/probono-rechtsberatung.de\\\/en\\\/veranstaltung\\\/2-fachtag-der-refugee-law-clinics\\\/#breadcrumb\",\"itemListElement\":[{\"@type\":\"ListItem\",\"position\":1,\"name\":\"Startseite\",\"item\":\"https:\\\/\\\/probono-rechtsberatung.de\\\/en\\\/\"},{\"@type\":\"ListItem\",\"position\":2,\"name\":\"Events\",\"item\":\"https:\\\/\\\/probono-rechtsberatung.de\\\/en\\\/veranstaltungen\\\/\"},{\"@type\":\"ListItem\",\"position\":3,\"name\":\"2. Fachtag der Refugee Law Clinics\"}]},{\"@type\":\"WebSite\",\"@id\":\"https:\\\/\\\/probono-rechtsberatung.de\\\/en\\\/#website\",\"url\":\"https:\\\/\\\/probono-rechtsberatung.de\\\/en\\\/\",\"name\":\"Pro Bono Rechtsberatung\",\"description\":\"f\u00fcr Non-Profit-Organisationen\",\"publisher\":{\"@id\":\"https:\\\/\\\/probono-rechtsberatung.de\\\/en\\\/#organization\"},\"potentialAction\":[{\"@type\":\"SearchAction\",\"target\":{\"@type\":\"EntryPoint\",\"urlTemplate\":\"https:\\\/\\\/probono-rechtsberatung.de\\\/en\\\/?s={search_term_string}\"},\"query-input\":{\"@type\":\"PropertyValueSpecification\",\"valueRequired\":true,\"valueName\":\"search_term_string\"}}],\"inLanguage\":\"en-US\"},{\"@type\":\"Organization\",\"@id\":\"https:\\\/\\\/probono-rechtsberatung.de\\\/en\\\/#organization\",\"name\":\"Pro Bono Rechtsberatung\",\"url\":\"https:\\\/\\\/probono-rechtsberatung.de\\\/en\\\/\",\"logo\":{\"@type\":\"ImageObject\",\"inLanguage\":\"en-US\",\"@id\":\"https:\\\/\\\/probono-rechtsberatung.de\\\/en\\\/#\\\/schema\\\/logo\\\/image\\\/\",\"url\":\"https:\\\/\\\/probono-rechtsberatung.de\\\/wp-content\\\/uploads\\\/2021\\\/11\\\/upj-pro_bono_weblogo-01.svg\",\"contentUrl\":\"https:\\\/\\\/probono-rechtsberatung.de\\\/wp-content\\\/uploads\\\/2021\\\/11\\\/upj-pro_bono_weblogo-01.svg\",\"width\":1010,\"height\":164,\"caption\":\"Pro Bono Rechtsberatung\"},\"image\":{\"@id\":\"https:\\\/\\\/probono-rechtsberatung.de\\\/en\\\/#\\\/schema\\\/logo\\\/image\\\/\"}}]}<\/script>\n<!-- \/ Yoast SEO plugin. -->","yoast_head_json":{"title":"2. Fachtag der Refugee Law Clinics &#8226; Pro Bono Rechtsberatung","robots":{"index":"index","follow":"follow","max-snippet":"max-snippet:-1","max-image-preview":"max-image-preview:large","max-video-preview":"max-video-preview:-1"},"canonical":"https:\/\/probono-rechtsberatung.de\/en\/veranstaltung\/2-fachtag-der-refugee-law-clinics\/","og_locale":"en_US","og_type":"article","og_title":"2. Fachtag der Refugee Law Clinics &#8226; Pro Bono Rechtsberatung","og_description":"Der Dachverband der Refugee Law Clinics in Deutschland (RLCs Deutschland e.V.) veranstaltet seinen zweiten Fachtag zum Thema \u201eStrategische Prozessf\u00fchrung im Migrationsrecht\u201c. Strategische Prozessf\u00fchrung (strategic litigation) meint, die juristische Arbeit vor [&hellip;]","og_url":"https:\/\/probono-rechtsberatung.de\/en\/veranstaltung\/2-fachtag-der-refugee-law-clinics\/","og_site_name":"Pro Bono Rechtsberatung","twitter_card":"summary_large_image","twitter_misc":{"Est. reading time":"1 minute"},"schema":{"@context":"https:\/\/schema.org","@graph":[{"@type":"WebPage","@id":"https:\/\/probono-rechtsberatung.de\/en\/veranstaltung\/2-fachtag-der-refugee-law-clinics\/","url":"https:\/\/probono-rechtsberatung.de\/en\/veranstaltung\/2-fachtag-der-refugee-law-clinics\/","name":"2. Fachtag der Refugee Law Clinics &#8226; Pro Bono Rechtsberatung","isPartOf":{"@id":"https:\/\/probono-rechtsberatung.de\/en\/#website"},"datePublished":"2021-12-04T17:07:50+00:00","breadcrumb":{"@id":"https:\/\/probono-rechtsberatung.de\/en\/veranstaltung\/2-fachtag-der-refugee-law-clinics\/#breadcrumb"},"inLanguage":"en-US","potentialAction":[{"@type":"ReadAction","target":["https:\/\/probono-rechtsberatung.de\/en\/veranstaltung\/2-fachtag-der-refugee-law-clinics\/"]}]},{"@type":"BreadcrumbList","@id":"https:\/\/probono-rechtsberatung.de\/en\/veranstaltung\/2-fachtag-der-refugee-law-clinics\/#breadcrumb","itemListElement":[{"@type":"ListItem","position":1,"name":"Startseite","item":"https:\/\/probono-rechtsberatung.de\/en\/"},{"@type":"ListItem","position":2,"name":"Events","item":"https:\/\/probono-rechtsberatung.de\/en\/veranstaltungen\/"},{"@type":"ListItem","position":3,"name":"2. Fachtag der Refugee Law Clinics"}]},{"@type":"WebSite","@id":"https:\/\/probono-rechtsberatung.de\/en\/#website","url":"https:\/\/probono-rechtsberatung.de\/en\/","name":"Pro Bono Rechtsberatung","description":"f\u00fcr Non-Profit-Organisationen","publisher":{"@id":"https:\/\/probono-rechtsberatung.de\/en\/#organization"},"potentialAction":[{"@type":"SearchAction","target":{"@type":"EntryPoint","urlTemplate":"https:\/\/probono-rechtsberatung.de\/en\/?s={search_term_string}"},"query-input":{"@type":"PropertyValueSpecification","valueRequired":true,"valueName":"search_term_string"}}],"inLanguage":"en-US"},{"@type":"Organization","@id":"https:\/\/probono-rechtsberatung.de\/en\/#organization","name":"Pro Bono Rechtsberatung","url":"https:\/\/probono-rechtsberatung.de\/en\/","logo":{"@type":"ImageObject","inLanguage":"en-US","@id":"https:\/\/probono-rechtsberatung.de\/en\/#\/schema\/logo\/image\/","url":"https:\/\/probono-rechtsberatung.de\/wp-content\/uploads\/2021\/11\/upj-pro_bono_weblogo-01.svg","contentUrl":"https:\/\/probono-rechtsberatung.de\/wp-content\/uploads\/2021\/11\/upj-pro_bono_weblogo-01.svg","width":1010,"height":164,"caption":"Pro Bono Rechtsberatung"},"image":{"@id":"https:\/\/probono-rechtsberatung.de\/en\/#\/schema\/logo\/image\/"}}]}},"_links":{"self":[{"href":"https:\/\/probono-rechtsberatung.de\/en\/wp-json\/wp\/v2\/tribe_events\/9893","targetHints":{"allow":["GET"]}}],"collection":[{"href":"https:\/\/probono-rechtsberatung.de\/en\/wp-json\/wp\/v2\/tribe_events"}],"about":[{"href":"https:\/\/probono-rechtsberatung.de\/en\/wp-json\/wp\/v2\/types\/tribe_events"}],"author":[{"embeddable":true,"href":"https:\/\/probono-rechtsberatung.de\/en\/wp-json\/wp\/v2\/users\/1"}],"version-history":[{"count":0,"href":"https:\/\/probono-rechtsberatung.de\/en\/wp-json\/wp\/v2\/tribe_events\/9893\/revisions"}],"wp:attachment":[{"href":"https:\/\/probono-rechtsberatung.de\/en\/wp-json\/wp\/v2\/media?parent=9893"}],"wp:term":[{"taxonomy":"post_tag","embeddable":true,"href":"https:\/\/probono-rechtsberatung.de\/en\/wp-json\/wp\/v2\/tags?post=9893"},{"taxonomy":"tribe_events_cat","embeddable":true,"href":"https:\/\/probono-rechtsberatung.de\/en\/wp-json\/wp\/v2\/tribe_events_cat?post=9893"}],"curies":[{"name":"wp","href":"https:\/\/api.w.org\/{rel}","templated":true}]}}

<p>Der Dachverband der Refugee Law Clinics in Deutschland (RLCs Deutschland e.V.) veranstaltet seinen zweiten Fachtag zum Thema<br />
„Strategische Prozessführung im Migrationsrecht“.</p>
<p>Strategische Prozessführung (strategic litigation) meint, die juristische Arbeit vor Gericht für die Verbesserung von allgemein relevanten Problemen einzusetzen. Es soll herausgefunden werden, wer die Strategische Prozessführung im Migrationsrecht wie nutzt und welche Rolle RLCs hierbei spielen (können), Gesetze und ihre Anwendung zu analysieren und einer Kontrolle zuzuführen.</p>
<p>Über das Erstreiten höchstrichterlicher Aussagen hinaus kann zuweilen bereits durch vereinzelte erstinstanzlich gewonnene Verfahren eine Veränderung der Rechtsanwendungspraxis der Behörden und damit eine Stärkung der Rechte von Betroffenen in ähnlich gelagerten Sachverhalten erzielt werden. Ob und wie (nicht nur) RLCs sich hieran beteiligen und mit lokalen und überregionalen Strukturen kooperieren können, soll diskutiert werden.</p>

<p>Der Dachverband der Refugee Law Clinics in Deutschland (RLCs Deutschland e.V.) veranstaltet seinen zweiten Fachtag zum Thema „Strategische Prozessführung im Migrationsrecht“. Strategische Prozessführung (strategic litigation) meint, die juristische Arbeit vor [&hellip;]</p>

<!-- This site is optimized with the Yoast SEO plugin v27.5 - https://yoast.com/product/yoast-seo-wordpress/ -->
<title>2. Fachtag der Refugee Law Clinics &#8226; Pro Bono Rechtsberatung</title>
<meta name="robots" content="index, follow, max-snippet:-1, max-image-preview:large, max-video-preview:-1" />
<link rel="canonical" href="https://probono-rechtsberatung.de/en/veranstaltung/2-fachtag-der-refugee-law-clinics/" />
<meta property="og:locale" content="en_US" />
<meta property="og:type" content="article" />
<meta property="og:title" content="2. Fachtag der Refugee Law Clinics &#8226; Pro Bono Rechtsberatung" />
<meta property="og:description" content="Der Dachverband der Refugee Law Clinics in Deutschland (RLCs Deutschland e.V.) veranstaltet seinen zweiten Fachtag zum Thema „Strategische Prozessführung im Migrationsrecht“. Strategische Prozessführung (strategic litigation) meint, die juristische Arbeit vor [&hellip;]" />
<meta property="og:url" content="https://probono-rechtsberatung.de/en/veranstaltung/2-fachtag-der-refugee-law-clinics/" />
<meta property="og:site_name" content="Pro Bono Rechtsberatung" />
<meta name="twitter:card" content="summary_large_image" />
<meta name="twitter:label1" content="Est. reading time" />
	<meta name="twitter:data1" content="1 minute" />
<script type="application/ld+json" class="yoast-schema-graph">{"@context":"https:\/\/schema.org","@graph":[{"@type":"WebPage","@id":"https:\/\/probono-rechtsberatung.de\/en\/veranstaltung\/2-fachtag-der-refugee-law-clinics\/","url":"https:\/\/probono-rechtsberatung.de\/en\/veranstaltung\/2-fachtag-der-refugee-law-clinics\/","name":"2. Fachtag der Refugee Law Clinics &#8226; Pro Bono Rechtsberatung","isPartOf":{"@id":"https:\/\/probono-rechtsberatung.de\/en\/#website"},"datePublished":"2021-12-04T17:07:50+00:00","breadcrumb":{"@id":"https:\/\/probono-rechtsberatung.de\/en\/veranstaltung\/2-fachtag-der-refugee-law-clinics\/#breadcrumb"},"inLanguage":"en-US","potentialAction":[{"@type":"ReadAction","target":["https:\/\/probono-rechtsberatung.de\/en\/veranstaltung\/2-fachtag-der-refugee-law-clinics\/"]}]},{"@type":"BreadcrumbList","@id":"https:\/\/probono-rechtsberatung.de\/en\/veranstaltung\/2-fachtag-der-refugee-law-clinics\/#breadcrumb","itemListElement":[{"@type":"ListItem","position":1,"name":"Startseite","item":"https:\/\/probono-rechtsberatung.de\/en\/"},{"@type":"ListItem","position":2,"name":"Events","item":"https:\/\/probono-rechtsberatung.de\/en\/veranstaltungen\/"},{"@type":"ListItem","position":3,"name":"2. Fachtag der Refugee Law Clinics"}]},{"@type":"WebSite","@id":"https:\/\/probono-rechtsberatung.de\/en\/#website","url":"https:\/\/probono-rechtsberatung.de\/en\/","name":"Pro Bono Rechtsberatung","description":"für Non-Profit-Organisationen","publisher":{"@id":"https:\/\/probono-rechtsberatung.de\/en\/#organization"},"potentialAction":[{"@type":"SearchAction","target":{"@type":"EntryPoint","urlTemplate":"https:\/\/probono-rechtsberatung.de\/en\/?s={search_term_string}"},"query-input":{"@type":"PropertyValueSpecification","valueRequired":true,"valueName":"search_term_string"}}],"inLanguage":"en-US"},{"@type":"Organization","@id":"https:\/\/probono-rechtsberatung.de\/en\/#organization","name":"Pro Bono Rechtsberatung","url":"https:\/\/probono-rechtsberatung.de\/en\/","logo":{"@type":"ImageObject","inLanguage":"en-US","@id":"https:\/\/probono-rechtsberatung.de\/en\/#\/schema\/logo\/image\/","url":"https:\/\/probono-rechtsberatung.de\/wp-content\/uploads\/2021\/11\/upj-pro_bono_weblogo-01.svg","contentUrl":"https:\/\/probono-rechtsberatung.de\/wp-content\/uploads\/2021\/11\/upj-pro_bono_weblogo-01.svg","width":1010,"height":164,"caption":"Pro Bono Rechtsberatung"},"image":{"@id":"https:\/\/probono-rechtsberatung.de\/en\/#\/schema\/logo\/image\/"}}]}</script>
<!-- / Yoast SEO plugin. -->

Der Dachverband der Refugee Law Clinics in Deutschland (RLCs Deutschland e.V.) veranstaltet seinen zweiten Fachtag zum Thema „Strategische Prozessführung im Migrationsrecht“. Strategische Prozessführung (strategic litigation) meint, die juristische Arbeit vor [&hellip;]

für Non-Profit-Organisationen
