{"id":9883,"date":"2021-12-04T13:06:24","date_gmt":"2021-12-04T12:06:24","guid":{"rendered":"https:\/\/probono-rechtsberatung.de\/veranstaltung\/corona-spezial-haftung-bei-veranstaltungsabsagen\/"},"modified":"2021-12-04T13:06:24","modified_gmt":"2021-12-04T12:06:24","slug":"corona-spezial-haftung-bei-veranstaltungsabsagen","status":"publish","type":"tribe_events","link":"https:\/\/probono-rechtsberatung.de\/en\/veranstaltung\/corona-spezial-haftung-bei-veranstaltungsabsagen\/","title":{"rendered":"Corona-Spezial: Haftung bei Veranstaltungsabsagen"},"content":{"rendered":"<p>Zur Verlangsamung einer weiteren Ausbreitung des Corona-Virus wurden (und werden noch immer) zahlreiche Veranstaltungen abgesagt. Betroffen sind neben Kultur- und Sportveranstaltungen auch zahlreiche Konferenzen gemeinn\u00fctziger Organisationen.<\/p>\n<p>Nachdem zun\u00e4chst nur Gro\u00dfveranstaltungen mit mehr als 1.000 Besuchern abgesagt werden mussten, untersagten die Beh\u00f6rden nun zunehmend auch kleinere Veranstaltungen. Und auch Veranstalter, die von den beh\u00f6rdlichen Anordnungen (noch) nicht betroffen sind, stehen vor der Frage, ob sie geplante Events unter den momentanen Umst\u00e4nden wie vorgesehen durchf\u00fchren k\u00f6nnen. Gerade bei der Absage von Konferenzen sind die wirtschaftlichen Auswirkungen f\u00fcr Veranstalter und Teilnehmer unter Umst\u00e4nden enorm. Es stellt sich daher die Frage, wer f\u00fcr die durch eine Absage entstehenden Einbu\u00dfen haftet.<\/p>\n<p>Im Fokus des Webinars steht das Szenario einer Veranstaltungsabsage durch den Veranstalter und die vertraglichen Auswirkungen f\u00fcr die Teilnehmer, den Veranstalter selbst und die weiteren Vertragspartner wie etwa Hotels, Cateringdienste und sonstige Dienstleister.<\/p>\n<p><strong>Inhalte<\/strong>:<\/p>\n<ul>\n<li>Welche Gr\u00fcnde sind ausschlaggebend f\u00fcr die Absage (beh\u00f6rdliche Anordnung, freiwillige Absage) und welche Auswirkungen hat das auf bereits abgeschlossene Vertr\u00e4ge Vereinspraxis<\/li>\n<li>Welche Vertragspartei hat Anspruch auf welche Erstattung?<\/li>\n<li>Wer kann Schadenersatzanspr\u00fcche geltend machen?<\/li>\n<li>Gibt es staatliche Entsch\u00e4digungen bei beh\u00f6rdlichen Absagen wegen des Corona-Virus?<\/li>\n<\/ul>\n<p><strong>Referenten: <\/strong>Philipp Rohdenburg (CMS Hasche Sigle), Kai Praum (UPJ Pro-Bono-Rechtsberatung)<\/p>\n<p><strong>Veranstalter:<\/strong> UPJ Pro-Bono-Rechtsberatung, Haus des Stiftens<\/p>\n<p><strong><a href=\"https:\/\/register.gotowebinar.com\/register\/1259117141795284748\" target=\"_blank\" rel=\"noopener\">Hier k\u00f6nnen Sie sich direkt anmelden.<\/a><\/strong><\/p>\n","protected":false},"excerpt":{"rendered":"<p>Zur Verlangsamung einer weiteren Ausbreitung des Corona-Virus wurden (und werden noch immer) zahlreiche Veranstaltungen abgesagt. Betroffen sind neben Kultur- und Sportveranstaltungen auch zahlreiche Konferenzen gemeinn\u00fctziger Organisationen. Nachdem zun\u00e4chst nur Gro\u00dfveranstaltungen [&hellip;]<\/p>\n","protected":false},"author":1,"featured_media":0,"template":"","meta":{"_acf_changed":false,"_tribe_events_status":"","_tribe_events_status_reason":"","footnotes":""},"tags":[],"tribe_events_cat":[],"class_list":["post-9883","tribe_events","type-tribe_events","status-publish","hentry"],"acf":[],"yoast_head":"<!-- This site is optimized with the Yoast SEO plugin v27.5 - https:\/\/yoast.com\/product\/yoast-seo-wordpress\/ -->\n<title>Corona-Spezial: Haftung bei Veranstaltungsabsagen &#8226; Pro Bono Rechtsberatung<\/title>\n<meta name=\"robots\" content=\"index, follow, max-snippet:-1, max-image-preview:large, max-video-preview:-1\" \/>\n<link rel=\"canonical\" href=\"https:\/\/probono-rechtsberatung.de\/en\/veranstaltung\/corona-spezial-haftung-bei-veranstaltungsabsagen\/\" \/>\n<meta property=\"og:locale\" content=\"en_US\" \/>\n<meta property=\"og:type\" content=\"article\" \/>\n<meta property=\"og:title\" content=\"Corona-Spezial: Haftung bei Veranstaltungsabsagen &#8226; Pro Bono Rechtsberatung\" \/>\n<meta property=\"og:description\" content=\"Zur Verlangsamung einer weiteren Ausbreitung des Corona-Virus wurden (und werden noch immer) zahlreiche Veranstaltungen abgesagt. Betroffen sind neben Kultur- und Sportveranstaltungen auch zahlreiche Konferenzen gemeinn\u00fctziger Organisationen. Nachdem zun\u00e4chst nur Gro\u00dfveranstaltungen [&hellip;]\" \/>\n<meta property=\"og:url\" content=\"https:\/\/probono-rechtsberatung.de\/en\/veranstaltung\/corona-spezial-haftung-bei-veranstaltungsabsagen\/\" \/>\n<meta property=\"og:site_name\" content=\"Pro Bono Rechtsberatung\" \/>\n<meta name=\"twitter:card\" content=\"summary_large_image\" \/>\n<meta name=\"twitter:label1\" content=\"Est. reading time\" \/>\n\t<meta name=\"twitter:data1\" content=\"1 minute\" \/>\n<script type=\"application\/ld+json\" class=\"yoast-schema-graph\">{\"@context\":\"https:\\\/\\\/schema.org\",\"@graph\":[{\"@type\":\"WebPage\",\"@id\":\"https:\\\/\\\/probono-rechtsberatung.de\\\/en\\\/veranstaltung\\\/corona-spezial-haftung-bei-veranstaltungsabsagen\\\/\",\"url\":\"https:\\\/\\\/probono-rechtsberatung.de\\\/en\\\/veranstaltung\\\/corona-spezial-haftung-bei-veranstaltungsabsagen\\\/\",\"name\":\"Corona-Spezial: Haftung bei Veranstaltungsabsagen &#8226; Pro Bono Rechtsberatung\",\"isPartOf\":{\"@id\":\"https:\\\/\\\/probono-rechtsberatung.de\\\/en\\\/#website\"},\"datePublished\":\"2021-12-04T12:06:24+00:00\",\"breadcrumb\":{\"@id\":\"https:\\\/\\\/probono-rechtsberatung.de\\\/en\\\/veranstaltung\\\/corona-spezial-haftung-bei-veranstaltungsabsagen\\\/#breadcrumb\"},\"inLanguage\":\"en-US\",\"potentialAction\":[{\"@type\":\"ReadAction\",\"target\":[\"https:\\\/\\\/probono-rechtsberatung.de\\\/en\\\/veranstaltung\\\/corona-spezial-haftung-bei-veranstaltungsabsagen\\\/\"]}]},{\"@type\":\"BreadcrumbList\",\"@id\":\"https:\\\/\\\/probono-rechtsberatung.de\\\/en\\\/veranstaltung\\\/corona-spezial-haftung-bei-veranstaltungsabsagen\\\/#breadcrumb\",\"itemListElement\":[{\"@type\":\"ListItem\",\"position\":1,\"name\":\"Startseite\",\"item\":\"https:\\\/\\\/probono-rechtsberatung.de\\\/en\\\/\"},{\"@type\":\"ListItem\",\"position\":2,\"name\":\"Events\",\"item\":\"https:\\\/\\\/probono-rechtsberatung.de\\\/en\\\/veranstaltungen\\\/\"},{\"@type\":\"ListItem\",\"position\":3,\"name\":\"Corona-Spezial: Haftung bei Veranstaltungsabsagen\"}]},{\"@type\":\"WebSite\",\"@id\":\"https:\\\/\\\/probono-rechtsberatung.de\\\/en\\\/#website\",\"url\":\"https:\\\/\\\/probono-rechtsberatung.de\\\/en\\\/\",\"name\":\"Pro Bono Rechtsberatung\",\"description\":\"f\u00fcr Non-Profit-Organisationen\",\"publisher\":{\"@id\":\"https:\\\/\\\/probono-rechtsberatung.de\\\/en\\\/#organization\"},\"potentialAction\":[{\"@type\":\"SearchAction\",\"target\":{\"@type\":\"EntryPoint\",\"urlTemplate\":\"https:\\\/\\\/probono-rechtsberatung.de\\\/en\\\/?s={search_term_string}\"},\"query-input\":{\"@type\":\"PropertyValueSpecification\",\"valueRequired\":true,\"valueName\":\"search_term_string\"}}],\"inLanguage\":\"en-US\"},{\"@type\":\"Organization\",\"@id\":\"https:\\\/\\\/probono-rechtsberatung.de\\\/en\\\/#organization\",\"name\":\"Pro Bono Rechtsberatung\",\"url\":\"https:\\\/\\\/probono-rechtsberatung.de\\\/en\\\/\",\"logo\":{\"@type\":\"ImageObject\",\"inLanguage\":\"en-US\",\"@id\":\"https:\\\/\\\/probono-rechtsberatung.de\\\/en\\\/#\\\/schema\\\/logo\\\/image\\\/\",\"url\":\"https:\\\/\\\/probono-rechtsberatung.de\\\/wp-content\\\/uploads\\\/2021\\\/11\\\/upj-pro_bono_weblogo-01.svg\",\"contentUrl\":\"https:\\\/\\\/probono-rechtsberatung.de\\\/wp-content\\\/uploads\\\/2021\\\/11\\\/upj-pro_bono_weblogo-01.svg\",\"width\":1010,\"height\":164,\"caption\":\"Pro Bono Rechtsberatung\"},\"image\":{\"@id\":\"https:\\\/\\\/probono-rechtsberatung.de\\\/en\\\/#\\\/schema\\\/logo\\\/image\\\/\"}}]}<\/script>\n<!-- \/ Yoast SEO plugin. -->","yoast_head_json":{"title":"Corona-Spezial: Haftung bei Veranstaltungsabsagen &#8226; Pro Bono Rechtsberatung","robots":{"index":"index","follow":"follow","max-snippet":"max-snippet:-1","max-image-preview":"max-image-preview:large","max-video-preview":"max-video-preview:-1"},"canonical":"https:\/\/probono-rechtsberatung.de\/en\/veranstaltung\/corona-spezial-haftung-bei-veranstaltungsabsagen\/","og_locale":"en_US","og_type":"article","og_title":"Corona-Spezial: Haftung bei Veranstaltungsabsagen &#8226; Pro Bono Rechtsberatung","og_description":"Zur Verlangsamung einer weiteren Ausbreitung des Corona-Virus wurden (und werden noch immer) zahlreiche Veranstaltungen abgesagt. Betroffen sind neben Kultur- und Sportveranstaltungen auch zahlreiche Konferenzen gemeinn\u00fctziger Organisationen. Nachdem zun\u00e4chst nur Gro\u00dfveranstaltungen [&hellip;]","og_url":"https:\/\/probono-rechtsberatung.de\/en\/veranstaltung\/corona-spezial-haftung-bei-veranstaltungsabsagen\/","og_site_name":"Pro Bono Rechtsberatung","twitter_card":"summary_large_image","twitter_misc":{"Est. reading time":"1 minute"},"schema":{"@context":"https:\/\/schema.org","@graph":[{"@type":"WebPage","@id":"https:\/\/probono-rechtsberatung.de\/en\/veranstaltung\/corona-spezial-haftung-bei-veranstaltungsabsagen\/","url":"https:\/\/probono-rechtsberatung.de\/en\/veranstaltung\/corona-spezial-haftung-bei-veranstaltungsabsagen\/","name":"Corona-Spezial: Haftung bei Veranstaltungsabsagen &#8226; Pro Bono Rechtsberatung","isPartOf":{"@id":"https:\/\/probono-rechtsberatung.de\/en\/#website"},"datePublished":"2021-12-04T12:06:24+00:00","breadcrumb":{"@id":"https:\/\/probono-rechtsberatung.de\/en\/veranstaltung\/corona-spezial-haftung-bei-veranstaltungsabsagen\/#breadcrumb"},"inLanguage":"en-US","potentialAction":[{"@type":"ReadAction","target":["https:\/\/probono-rechtsberatung.de\/en\/veranstaltung\/corona-spezial-haftung-bei-veranstaltungsabsagen\/"]}]},{"@type":"BreadcrumbList","@id":"https:\/\/probono-rechtsberatung.de\/en\/veranstaltung\/corona-spezial-haftung-bei-veranstaltungsabsagen\/#breadcrumb","itemListElement":[{"@type":"ListItem","position":1,"name":"Startseite","item":"https:\/\/probono-rechtsberatung.de\/en\/"},{"@type":"ListItem","position":2,"name":"Events","item":"https:\/\/probono-rechtsberatung.de\/en\/veranstaltungen\/"},{"@type":"ListItem","position":3,"name":"Corona-Spezial: Haftung bei Veranstaltungsabsagen"}]},{"@type":"WebSite","@id":"https:\/\/probono-rechtsberatung.de\/en\/#website","url":"https:\/\/probono-rechtsberatung.de\/en\/","name":"Pro Bono Rechtsberatung","description":"f\u00fcr Non-Profit-Organisationen","publisher":{"@id":"https:\/\/probono-rechtsberatung.de\/en\/#organization"},"potentialAction":[{"@type":"SearchAction","target":{"@type":"EntryPoint","urlTemplate":"https:\/\/probono-rechtsberatung.de\/en\/?s={search_term_string}"},"query-input":{"@type":"PropertyValueSpecification","valueRequired":true,"valueName":"search_term_string"}}],"inLanguage":"en-US"},{"@type":"Organization","@id":"https:\/\/probono-rechtsberatung.de\/en\/#organization","name":"Pro Bono Rechtsberatung","url":"https:\/\/probono-rechtsberatung.de\/en\/","logo":{"@type":"ImageObject","inLanguage":"en-US","@id":"https:\/\/probono-rechtsberatung.de\/en\/#\/schema\/logo\/image\/","url":"https:\/\/probono-rechtsberatung.de\/wp-content\/uploads\/2021\/11\/upj-pro_bono_weblogo-01.svg","contentUrl":"https:\/\/probono-rechtsberatung.de\/wp-content\/uploads\/2021\/11\/upj-pro_bono_weblogo-01.svg","width":1010,"height":164,"caption":"Pro Bono Rechtsberatung"},"image":{"@id":"https:\/\/probono-rechtsberatung.de\/en\/#\/schema\/logo\/image\/"}}]}},"_links":{"self":[{"href":"https:\/\/probono-rechtsberatung.de\/en\/wp-json\/wp\/v2\/tribe_events\/9883","targetHints":{"allow":["GET"]}}],"collection":[{"href":"https:\/\/probono-rechtsberatung.de\/en\/wp-json\/wp\/v2\/tribe_events"}],"about":[{"href":"https:\/\/probono-rechtsberatung.de\/en\/wp-json\/wp\/v2\/types\/tribe_events"}],"author":[{"embeddable":true,"href":"https:\/\/probono-rechtsberatung.de\/en\/wp-json\/wp\/v2\/users\/1"}],"version-history":[{"count":0,"href":"https:\/\/probono-rechtsberatung.de\/en\/wp-json\/wp\/v2\/tribe_events\/9883\/revisions"}],"wp:attachment":[{"href":"https:\/\/probono-rechtsberatung.de\/en\/wp-json\/wp\/v2\/media?parent=9883"}],"wp:term":[{"taxonomy":"post_tag","embeddable":true,"href":"https:\/\/probono-rechtsberatung.de\/en\/wp-json\/wp\/v2\/tags?post=9883"},{"taxonomy":"tribe_events_cat","embeddable":true,"href":"https:\/\/probono-rechtsberatung.de\/en\/wp-json\/wp\/v2\/tribe_events_cat?post=9883"}],"curies":[{"name":"wp","href":"https:\/\/api.w.org\/{rel}","templated":true}]}}

<p>Zur Verlangsamung einer weiteren Ausbreitung des Corona-Virus wurden (und werden noch immer) zahlreiche Veranstaltungen abgesagt. Betroffen sind neben Kultur- und Sportveranstaltungen auch zahlreiche Konferenzen gemeinnütziger Organisationen.</p>
<p>Nachdem zunächst nur Großveranstaltungen mit mehr als 1.000 Besuchern abgesagt werden mussten, untersagten die Behörden nun zunehmend auch kleinere Veranstaltungen. Und auch Veranstalter, die von den behördlichen Anordnungen (noch) nicht betroffen sind, stehen vor der Frage, ob sie geplante Events unter den momentanen Umständen wie vorgesehen durchführen können. Gerade bei der Absage von Konferenzen sind die wirtschaftlichen Auswirkungen für Veranstalter und Teilnehmer unter Umständen enorm. Es stellt sich daher die Frage, wer für die durch eine Absage entstehenden Einbußen haftet.</p>
<p>Im Fokus des Webinars steht das Szenario einer Veranstaltungsabsage durch den Veranstalter und die vertraglichen Auswirkungen für die Teilnehmer, den Veranstalter selbst und die weiteren Vertragspartner wie etwa Hotels, Cateringdienste und sonstige Dienstleister.</p>
<p><strong>Inhalte</strong>:</p>
<ul>
<li>Welche Gründe sind ausschlaggebend für die Absage (behördliche Anordnung, freiwillige Absage) und welche Auswirkungen hat das auf bereits abgeschlossene Verträge Vereinspraxis</li>
<li>Welche Vertragspartei hat Anspruch auf welche Erstattung?</li>
<li>Wer kann Schadenersatzansprüche geltend machen?</li>
<li>Gibt es staatliche Entschädigungen bei behördlichen Absagen wegen des Corona-Virus?</li>
</ul>
<p><strong>Referenten: </strong>Philipp Rohdenburg (CMS Hasche Sigle), Kai Praum (UPJ Pro-Bono-Rechtsberatung)</p>
<p><strong>Veranstalter:</strong> UPJ Pro-Bono-Rechtsberatung, Haus des Stiftens</p>
<p><strong><a href="https://register.gotowebinar.com/register/1259117141795284748" target="_blank" rel="noopener">Hier können Sie sich direkt anmelden.</a></strong></p>

<p>Zur Verlangsamung einer weiteren Ausbreitung des Corona-Virus wurden (und werden noch immer) zahlreiche Veranstaltungen abgesagt. Betroffen sind neben Kultur- und Sportveranstaltungen auch zahlreiche Konferenzen gemeinnütziger Organisationen. Nachdem zunächst nur Großveranstaltungen [&hellip;]</p>

<!-- This site is optimized with the Yoast SEO plugin v27.5 - https://yoast.com/product/yoast-seo-wordpress/ -->
<title>Corona-Spezial: Haftung bei Veranstaltungsabsagen &#8226; Pro Bono Rechtsberatung</title>
<meta name="robots" content="index, follow, max-snippet:-1, max-image-preview:large, max-video-preview:-1" />
<link rel="canonical" href="https://probono-rechtsberatung.de/en/veranstaltung/corona-spezial-haftung-bei-veranstaltungsabsagen/" />
<meta property="og:locale" content="en_US" />
<meta property="og:type" content="article" />
<meta property="og:title" content="Corona-Spezial: Haftung bei Veranstaltungsabsagen &#8226; Pro Bono Rechtsberatung" />
<meta property="og:description" content="Zur Verlangsamung einer weiteren Ausbreitung des Corona-Virus wurden (und werden noch immer) zahlreiche Veranstaltungen abgesagt. Betroffen sind neben Kultur- und Sportveranstaltungen auch zahlreiche Konferenzen gemeinnütziger Organisationen. Nachdem zunächst nur Großveranstaltungen [&hellip;]" />
<meta property="og:url" content="https://probono-rechtsberatung.de/en/veranstaltung/corona-spezial-haftung-bei-veranstaltungsabsagen/" />
<meta property="og:site_name" content="Pro Bono Rechtsberatung" />
<meta name="twitter:card" content="summary_large_image" />
<meta name="twitter:label1" content="Est. reading time" />
	<meta name="twitter:data1" content="1 minute" />
<script type="application/ld+json" class="yoast-schema-graph">{"@context":"https:\/\/schema.org","@graph":[{"@type":"WebPage","@id":"https:\/\/probono-rechtsberatung.de\/en\/veranstaltung\/corona-spezial-haftung-bei-veranstaltungsabsagen\/","url":"https:\/\/probono-rechtsberatung.de\/en\/veranstaltung\/corona-spezial-haftung-bei-veranstaltungsabsagen\/","name":"Corona-Spezial: Haftung bei Veranstaltungsabsagen &#8226; Pro Bono Rechtsberatung","isPartOf":{"@id":"https:\/\/probono-rechtsberatung.de\/en\/#website"},"datePublished":"2021-12-04T12:06:24+00:00","breadcrumb":{"@id":"https:\/\/probono-rechtsberatung.de\/en\/veranstaltung\/corona-spezial-haftung-bei-veranstaltungsabsagen\/#breadcrumb"},"inLanguage":"en-US","potentialAction":[{"@type":"ReadAction","target":["https:\/\/probono-rechtsberatung.de\/en\/veranstaltung\/corona-spezial-haftung-bei-veranstaltungsabsagen\/"]}]},{"@type":"BreadcrumbList","@id":"https:\/\/probono-rechtsberatung.de\/en\/veranstaltung\/corona-spezial-haftung-bei-veranstaltungsabsagen\/#breadcrumb","itemListElement":[{"@type":"ListItem","position":1,"name":"Startseite","item":"https:\/\/probono-rechtsberatung.de\/en\/"},{"@type":"ListItem","position":2,"name":"Events","item":"https:\/\/probono-rechtsberatung.de\/en\/veranstaltungen\/"},{"@type":"ListItem","position":3,"name":"Corona-Spezial: Haftung bei Veranstaltungsabsagen"}]},{"@type":"WebSite","@id":"https:\/\/probono-rechtsberatung.de\/en\/#website","url":"https:\/\/probono-rechtsberatung.de\/en\/","name":"Pro Bono Rechtsberatung","description":"für Non-Profit-Organisationen","publisher":{"@id":"https:\/\/probono-rechtsberatung.de\/en\/#organization"},"potentialAction":[{"@type":"SearchAction","target":{"@type":"EntryPoint","urlTemplate":"https:\/\/probono-rechtsberatung.de\/en\/?s={search_term_string}"},"query-input":{"@type":"PropertyValueSpecification","valueRequired":true,"valueName":"search_term_string"}}],"inLanguage":"en-US"},{"@type":"Organization","@id":"https:\/\/probono-rechtsberatung.de\/en\/#organization","name":"Pro Bono Rechtsberatung","url":"https:\/\/probono-rechtsberatung.de\/en\/","logo":{"@type":"ImageObject","inLanguage":"en-US","@id":"https:\/\/probono-rechtsberatung.de\/en\/#\/schema\/logo\/image\/","url":"https:\/\/probono-rechtsberatung.de\/wp-content\/uploads\/2021\/11\/upj-pro_bono_weblogo-01.svg","contentUrl":"https:\/\/probono-rechtsberatung.de\/wp-content\/uploads\/2021\/11\/upj-pro_bono_weblogo-01.svg","width":1010,"height":164,"caption":"Pro Bono Rechtsberatung"},"image":{"@id":"https:\/\/probono-rechtsberatung.de\/en\/#\/schema\/logo\/image\/"}}]}</script>
<!-- / Yoast SEO plugin. -->

Zur Verlangsamung einer weiteren Ausbreitung des Corona-Virus wurden (und werden noch immer) zahlreiche Veranstaltungen abgesagt. Betroffen sind neben Kultur- und Sportveranstaltungen auch zahlreiche Konferenzen gemeinnütziger Organisationen. Nachdem zunächst nur Großveranstaltungen [&hellip;]

für Non-Profit-Organisationen
