{"id":9882,"date":"2021-12-04T13:04:55","date_gmt":"2021-12-04T12:04:55","guid":{"rendered":"https:\/\/probono-rechtsberatung.de\/veranstaltung\/corona-spezial-insolvenz-und-vorstandshaftung\/"},"modified":"2021-12-04T13:04:55","modified_gmt":"2021-12-04T12:04:55","slug":"corona-spezial-insolvenz-und-vorstandshaftung","status":"publish","type":"tribe_events","link":"https:\/\/probono-rechtsberatung.de\/en\/veranstaltung\/corona-spezial-insolvenz-und-vorstandshaftung\/","title":{"rendered":"Corona-Spezial: Insolvenz und Vorstandshaftung"},"content":{"rendered":"<p>Durch die Corona-Pandemie und nicht zuletzt die getroffenen Ma\u00dfnahmen zur Eind\u00e4mmung der Pandemie, geraten aktuell viele gemeinn\u00fctzige Organisationen und Sozialunternehmen unter wirtschaftlichen Druck und manche in finanzielle Schieflage. Im schlimmsten Fall droht eine Insolvenz, in manchen F\u00e4llen kann aber auch eine Sanierung etwa von Teilbereichen eine Perspektive bieten.<\/p>\n<p>Im Fokus steht eine Einf\u00fchrung in das Insolvenzrecht mit Blick auf das Gesetz zur Abmilderung der Folgen der Covid-Pandemie und damit verbundene Antragspflichten und Vorstandshaftungen. Das Webinar soll zudem aber auch die Wege zur Abwendung von Insolvenzen skizzieren und Ausblicke geben, welche Sanierungsl\u00f6sungen es im Rahmen von Insolvenzverfahren gibt.<\/p>\n<p><strong>Inhalte<\/strong>:<\/p>\n<ul>\n<li>Einsch\u00e4tzung der finanziellen Situation zur Beurteilung von Insolvenzantragsgr\u00fcnden<\/li>\n<li>Antragspflichten bei Vorliegen von Insolvenzgr\u00fcnden<\/li>\n<li>Wege zur Abwendung von Insolvenzen<\/li>\n<li>M\u00f6glichkeiten zur au\u00dfergerichtlichen Sanierung<\/li>\n<li>Vorstandshaftung im Rahmen von Insolvenzverfahren<\/li>\n<li>Sanierungsoptionen im Rahmen von Insolvenzverfahren<br \/>\n(Schutzschirm, Eigenverwaltung, Insolvenzplan)<\/li>\n<\/ul>\n<p>Im Fokus des Webinars steht das Szenario einer Veranstaltungsabsage durch den Veranstalter und die vertraglichen Auswirkungen f\u00fcr die Teilnehmer, den Veranstalter selbst und die weiteren Vertragspartner wie etwa Hotels, Cateringdienste und sonstige Dienstleister.<\/p>\n<p><strong>Inhalte<\/strong>:<\/p>\n<ul>\n<li>Welche Gr\u00fcnde sind ausschlaggebend f\u00fcr die Absage (beh\u00f6rdliche Anordnung, freiwillige Absage) und welche Auswirkungen hat das auf bereits abgeschlossene Vertr\u00e4ge Vereinspraxis<\/li>\n<li>Welche Vertragspartei hat Anspruch auf welche Erstattung?<\/li>\n<li>Wer kann Schadenersatzanspr\u00fcche geltend machen?<\/li>\n<li>Gibt es staatliche Entsch\u00e4digungen bei beh\u00f6rdlichen Absagen wegen des Corona-Virus?<\/li>\n<\/ul>\n<p><strong>Referenten: <\/strong>Dr. Jan-Philipp Hoos &amp; Dr. Andreas Kleinschmidt (White &amp; Case), Kai Praum (UPJ Pro-Bono-Rechtsberatung)<\/p>\n<p><strong>Veranstalter:<\/strong> UPJ Pro-Bono-Rechtsberatung, Haus des Stiftens<\/p>\n<p><strong><a href=\"https:\/\/register.gotowebinar.com\/register\/2416946866545128715\" target=\"_blank\" rel=\"noopener\">Hier k\u00f6nnen Sie sich direkt anmelden.<\/a><\/strong><\/p>\n","protected":false},"excerpt":{"rendered":"<p>Durch die Corona-Pandemie und nicht zuletzt die getroffenen Ma\u00dfnahmen zur Eind\u00e4mmung der Pandemie, geraten aktuell viele gemeinn\u00fctzige Organisationen und Sozialunternehmen unter wirtschaftlichen Druck und manche in finanzielle Schieflage. Im schlimmsten [&hellip;]<\/p>\n","protected":false},"author":1,"featured_media":0,"template":"","meta":{"_acf_changed":false,"_tribe_events_status":"","_tribe_events_status_reason":"","footnotes":""},"tags":[],"tribe_events_cat":[],"class_list":["post-9882","tribe_events","type-tribe_events","status-publish","hentry"],"acf":[],"yoast_head":"<!-- This site is optimized with the Yoast SEO plugin v27.5 - https:\/\/yoast.com\/product\/yoast-seo-wordpress\/ -->\n<title>Corona-Spezial: Insolvenz und Vorstandshaftung &#8226; Pro Bono Rechtsberatung<\/title>\n<meta name=\"robots\" content=\"index, follow, max-snippet:-1, max-image-preview:large, max-video-preview:-1\" \/>\n<link rel=\"canonical\" href=\"https:\/\/probono-rechtsberatung.de\/en\/veranstaltung\/corona-spezial-insolvenz-und-vorstandshaftung\/\" \/>\n<meta property=\"og:locale\" content=\"en_US\" \/>\n<meta property=\"og:type\" content=\"article\" \/>\n<meta property=\"og:title\" content=\"Corona-Spezial: Insolvenz und Vorstandshaftung &#8226; Pro Bono Rechtsberatung\" \/>\n<meta property=\"og:description\" content=\"Durch die Corona-Pandemie und nicht zuletzt die getroffenen Ma\u00dfnahmen zur Eind\u00e4mmung der Pandemie, geraten aktuell viele gemeinn\u00fctzige Organisationen und Sozialunternehmen unter wirtschaftlichen Druck und manche in finanzielle Schieflage. Im schlimmsten [&hellip;]\" \/>\n<meta property=\"og:url\" content=\"https:\/\/probono-rechtsberatung.de\/en\/veranstaltung\/corona-spezial-insolvenz-und-vorstandshaftung\/\" \/>\n<meta property=\"og:site_name\" content=\"Pro Bono Rechtsberatung\" \/>\n<meta name=\"twitter:card\" content=\"summary_large_image\" \/>\n<meta name=\"twitter:label1\" content=\"Est. reading time\" \/>\n\t<meta name=\"twitter:data1\" content=\"1 minute\" \/>\n<script type=\"application\/ld+json\" class=\"yoast-schema-graph\">{\"@context\":\"https:\\\/\\\/schema.org\",\"@graph\":[{\"@type\":\"WebPage\",\"@id\":\"https:\\\/\\\/probono-rechtsberatung.de\\\/en\\\/veranstaltung\\\/corona-spezial-insolvenz-und-vorstandshaftung\\\/\",\"url\":\"https:\\\/\\\/probono-rechtsberatung.de\\\/en\\\/veranstaltung\\\/corona-spezial-insolvenz-und-vorstandshaftung\\\/\",\"name\":\"Corona-Spezial: Insolvenz und Vorstandshaftung &#8226; Pro Bono Rechtsberatung\",\"isPartOf\":{\"@id\":\"https:\\\/\\\/probono-rechtsberatung.de\\\/en\\\/#website\"},\"datePublished\":\"2021-12-04T12:04:55+00:00\",\"breadcrumb\":{\"@id\":\"https:\\\/\\\/probono-rechtsberatung.de\\\/en\\\/veranstaltung\\\/corona-spezial-insolvenz-und-vorstandshaftung\\\/#breadcrumb\"},\"inLanguage\":\"en-US\",\"potentialAction\":[{\"@type\":\"ReadAction\",\"target\":[\"https:\\\/\\\/probono-rechtsberatung.de\\\/en\\\/veranstaltung\\\/corona-spezial-insolvenz-und-vorstandshaftung\\\/\"]}]},{\"@type\":\"BreadcrumbList\",\"@id\":\"https:\\\/\\\/probono-rechtsberatung.de\\\/en\\\/veranstaltung\\\/corona-spezial-insolvenz-und-vorstandshaftung\\\/#breadcrumb\",\"itemListElement\":[{\"@type\":\"ListItem\",\"position\":1,\"name\":\"Startseite\",\"item\":\"https:\\\/\\\/probono-rechtsberatung.de\\\/en\\\/\"},{\"@type\":\"ListItem\",\"position\":2,\"name\":\"Events\",\"item\":\"https:\\\/\\\/probono-rechtsberatung.de\\\/en\\\/veranstaltungen\\\/\"},{\"@type\":\"ListItem\",\"position\":3,\"name\":\"Corona-Spezial: Insolvenz und Vorstandshaftung\"}]},{\"@type\":\"WebSite\",\"@id\":\"https:\\\/\\\/probono-rechtsberatung.de\\\/en\\\/#website\",\"url\":\"https:\\\/\\\/probono-rechtsberatung.de\\\/en\\\/\",\"name\":\"Pro Bono Rechtsberatung\",\"description\":\"f\u00fcr Non-Profit-Organisationen\",\"publisher\":{\"@id\":\"https:\\\/\\\/probono-rechtsberatung.de\\\/en\\\/#organization\"},\"potentialAction\":[{\"@type\":\"SearchAction\",\"target\":{\"@type\":\"EntryPoint\",\"urlTemplate\":\"https:\\\/\\\/probono-rechtsberatung.de\\\/en\\\/?s={search_term_string}\"},\"query-input\":{\"@type\":\"PropertyValueSpecification\",\"valueRequired\":true,\"valueName\":\"search_term_string\"}}],\"inLanguage\":\"en-US\"},{\"@type\":\"Organization\",\"@id\":\"https:\\\/\\\/probono-rechtsberatung.de\\\/en\\\/#organization\",\"name\":\"Pro Bono Rechtsberatung\",\"url\":\"https:\\\/\\\/probono-rechtsberatung.de\\\/en\\\/\",\"logo\":{\"@type\":\"ImageObject\",\"inLanguage\":\"en-US\",\"@id\":\"https:\\\/\\\/probono-rechtsberatung.de\\\/en\\\/#\\\/schema\\\/logo\\\/image\\\/\",\"url\":\"https:\\\/\\\/probono-rechtsberatung.de\\\/wp-content\\\/uploads\\\/2021\\\/11\\\/upj-pro_bono_weblogo-01.svg\",\"contentUrl\":\"https:\\\/\\\/probono-rechtsberatung.de\\\/wp-content\\\/uploads\\\/2021\\\/11\\\/upj-pro_bono_weblogo-01.svg\",\"width\":1010,\"height\":164,\"caption\":\"Pro Bono Rechtsberatung\"},\"image\":{\"@id\":\"https:\\\/\\\/probono-rechtsberatung.de\\\/en\\\/#\\\/schema\\\/logo\\\/image\\\/\"}}]}<\/script>\n<!-- \/ Yoast SEO plugin. -->","yoast_head_json":{"title":"Corona-Spezial: Insolvenz und Vorstandshaftung &#8226; Pro Bono Rechtsberatung","robots":{"index":"index","follow":"follow","max-snippet":"max-snippet:-1","max-image-preview":"max-image-preview:large","max-video-preview":"max-video-preview:-1"},"canonical":"https:\/\/probono-rechtsberatung.de\/en\/veranstaltung\/corona-spezial-insolvenz-und-vorstandshaftung\/","og_locale":"en_US","og_type":"article","og_title":"Corona-Spezial: Insolvenz und Vorstandshaftung &#8226; Pro Bono Rechtsberatung","og_description":"Durch die Corona-Pandemie und nicht zuletzt die getroffenen Ma\u00dfnahmen zur Eind\u00e4mmung der Pandemie, geraten aktuell viele gemeinn\u00fctzige Organisationen und Sozialunternehmen unter wirtschaftlichen Druck und manche in finanzielle Schieflage. Im schlimmsten [&hellip;]","og_url":"https:\/\/probono-rechtsberatung.de\/en\/veranstaltung\/corona-spezial-insolvenz-und-vorstandshaftung\/","og_site_name":"Pro Bono Rechtsberatung","twitter_card":"summary_large_image","twitter_misc":{"Est. reading time":"1 minute"},"schema":{"@context":"https:\/\/schema.org","@graph":[{"@type":"WebPage","@id":"https:\/\/probono-rechtsberatung.de\/en\/veranstaltung\/corona-spezial-insolvenz-und-vorstandshaftung\/","url":"https:\/\/probono-rechtsberatung.de\/en\/veranstaltung\/corona-spezial-insolvenz-und-vorstandshaftung\/","name":"Corona-Spezial: Insolvenz und Vorstandshaftung &#8226; Pro Bono Rechtsberatung","isPartOf":{"@id":"https:\/\/probono-rechtsberatung.de\/en\/#website"},"datePublished":"2021-12-04T12:04:55+00:00","breadcrumb":{"@id":"https:\/\/probono-rechtsberatung.de\/en\/veranstaltung\/corona-spezial-insolvenz-und-vorstandshaftung\/#breadcrumb"},"inLanguage":"en-US","potentialAction":[{"@type":"ReadAction","target":["https:\/\/probono-rechtsberatung.de\/en\/veranstaltung\/corona-spezial-insolvenz-und-vorstandshaftung\/"]}]},{"@type":"BreadcrumbList","@id":"https:\/\/probono-rechtsberatung.de\/en\/veranstaltung\/corona-spezial-insolvenz-und-vorstandshaftung\/#breadcrumb","itemListElement":[{"@type":"ListItem","position":1,"name":"Startseite","item":"https:\/\/probono-rechtsberatung.de\/en\/"},{"@type":"ListItem","position":2,"name":"Events","item":"https:\/\/probono-rechtsberatung.de\/en\/veranstaltungen\/"},{"@type":"ListItem","position":3,"name":"Corona-Spezial: Insolvenz und Vorstandshaftung"}]},{"@type":"WebSite","@id":"https:\/\/probono-rechtsberatung.de\/en\/#website","url":"https:\/\/probono-rechtsberatung.de\/en\/","name":"Pro Bono Rechtsberatung","description":"f\u00fcr Non-Profit-Organisationen","publisher":{"@id":"https:\/\/probono-rechtsberatung.de\/en\/#organization"},"potentialAction":[{"@type":"SearchAction","target":{"@type":"EntryPoint","urlTemplate":"https:\/\/probono-rechtsberatung.de\/en\/?s={search_term_string}"},"query-input":{"@type":"PropertyValueSpecification","valueRequired":true,"valueName":"search_term_string"}}],"inLanguage":"en-US"},{"@type":"Organization","@id":"https:\/\/probono-rechtsberatung.de\/en\/#organization","name":"Pro Bono Rechtsberatung","url":"https:\/\/probono-rechtsberatung.de\/en\/","logo":{"@type":"ImageObject","inLanguage":"en-US","@id":"https:\/\/probono-rechtsberatung.de\/en\/#\/schema\/logo\/image\/","url":"https:\/\/probono-rechtsberatung.de\/wp-content\/uploads\/2021\/11\/upj-pro_bono_weblogo-01.svg","contentUrl":"https:\/\/probono-rechtsberatung.de\/wp-content\/uploads\/2021\/11\/upj-pro_bono_weblogo-01.svg","width":1010,"height":164,"caption":"Pro Bono Rechtsberatung"},"image":{"@id":"https:\/\/probono-rechtsberatung.de\/en\/#\/schema\/logo\/image\/"}}]}},"_links":{"self":[{"href":"https:\/\/probono-rechtsberatung.de\/en\/wp-json\/wp\/v2\/tribe_events\/9882","targetHints":{"allow":["GET"]}}],"collection":[{"href":"https:\/\/probono-rechtsberatung.de\/en\/wp-json\/wp\/v2\/tribe_events"}],"about":[{"href":"https:\/\/probono-rechtsberatung.de\/en\/wp-json\/wp\/v2\/types\/tribe_events"}],"author":[{"embeddable":true,"href":"https:\/\/probono-rechtsberatung.de\/en\/wp-json\/wp\/v2\/users\/1"}],"version-history":[{"count":0,"href":"https:\/\/probono-rechtsberatung.de\/en\/wp-json\/wp\/v2\/tribe_events\/9882\/revisions"}],"wp:attachment":[{"href":"https:\/\/probono-rechtsberatung.de\/en\/wp-json\/wp\/v2\/media?parent=9882"}],"wp:term":[{"taxonomy":"post_tag","embeddable":true,"href":"https:\/\/probono-rechtsberatung.de\/en\/wp-json\/wp\/v2\/tags?post=9882"},{"taxonomy":"tribe_events_cat","embeddable":true,"href":"https:\/\/probono-rechtsberatung.de\/en\/wp-json\/wp\/v2\/tribe_events_cat?post=9882"}],"curies":[{"name":"wp","href":"https:\/\/api.w.org\/{rel}","templated":true}]}}

<p>Durch die Corona-Pandemie und nicht zuletzt die getroffenen Maßnahmen zur Eindämmung der Pandemie, geraten aktuell viele gemeinnützige Organisationen und Sozialunternehmen unter wirtschaftlichen Druck und manche in finanzielle Schieflage. Im schlimmsten Fall droht eine Insolvenz, in manchen Fällen kann aber auch eine Sanierung etwa von Teilbereichen eine Perspektive bieten.</p>
<p>Im Fokus steht eine Einführung in das Insolvenzrecht mit Blick auf das Gesetz zur Abmilderung der Folgen der Covid-Pandemie und damit verbundene Antragspflichten und Vorstandshaftungen. Das Webinar soll zudem aber auch die Wege zur Abwendung von Insolvenzen skizzieren und Ausblicke geben, welche Sanierungslösungen es im Rahmen von Insolvenzverfahren gibt.</p>
<p><strong>Inhalte</strong>:</p>
<ul>
<li>Einschätzung der finanziellen Situation zur Beurteilung von Insolvenzantragsgründen</li>
<li>Antragspflichten bei Vorliegen von Insolvenzgründen</li>
<li>Wege zur Abwendung von Insolvenzen</li>
<li>Möglichkeiten zur außergerichtlichen Sanierung</li>
<li>Vorstandshaftung im Rahmen von Insolvenzverfahren</li>
<li>Sanierungsoptionen im Rahmen von Insolvenzverfahren<br />
(Schutzschirm, Eigenverwaltung, Insolvenzplan)</li>
</ul>
<p>Im Fokus des Webinars steht das Szenario einer Veranstaltungsabsage durch den Veranstalter und die vertraglichen Auswirkungen für die Teilnehmer, den Veranstalter selbst und die weiteren Vertragspartner wie etwa Hotels, Cateringdienste und sonstige Dienstleister.</p>
<p><strong>Inhalte</strong>:</p>
<ul>
<li>Welche Gründe sind ausschlaggebend für die Absage (behördliche Anordnung, freiwillige Absage) und welche Auswirkungen hat das auf bereits abgeschlossene Verträge Vereinspraxis</li>
<li>Welche Vertragspartei hat Anspruch auf welche Erstattung?</li>
<li>Wer kann Schadenersatzansprüche geltend machen?</li>
<li>Gibt es staatliche Entschädigungen bei behördlichen Absagen wegen des Corona-Virus?</li>
</ul>
<p><strong>Referenten: </strong>Dr. Jan-Philipp Hoos &amp; Dr. Andreas Kleinschmidt (White &amp; Case), Kai Praum (UPJ Pro-Bono-Rechtsberatung)</p>
<p><strong>Veranstalter:</strong> UPJ Pro-Bono-Rechtsberatung, Haus des Stiftens</p>
<p><strong><a href="https://register.gotowebinar.com/register/2416946866545128715" target="_blank" rel="noopener">Hier können Sie sich direkt anmelden.</a></strong></p>

<p>Durch die Corona-Pandemie und nicht zuletzt die getroffenen Maßnahmen zur Eindämmung der Pandemie, geraten aktuell viele gemeinnützige Organisationen und Sozialunternehmen unter wirtschaftlichen Druck und manche in finanzielle Schieflage. Im schlimmsten [&hellip;]</p>

<!-- This site is optimized with the Yoast SEO plugin v27.5 - https://yoast.com/product/yoast-seo-wordpress/ -->
<title>Corona-Spezial: Insolvenz und Vorstandshaftung &#8226; Pro Bono Rechtsberatung</title>
<meta name="robots" content="index, follow, max-snippet:-1, max-image-preview:large, max-video-preview:-1" />
<link rel="canonical" href="https://probono-rechtsberatung.de/en/veranstaltung/corona-spezial-insolvenz-und-vorstandshaftung/" />
<meta property="og:locale" content="en_US" />
<meta property="og:type" content="article" />
<meta property="og:title" content="Corona-Spezial: Insolvenz und Vorstandshaftung &#8226; Pro Bono Rechtsberatung" />
<meta property="og:description" content="Durch die Corona-Pandemie und nicht zuletzt die getroffenen Maßnahmen zur Eindämmung der Pandemie, geraten aktuell viele gemeinnützige Organisationen und Sozialunternehmen unter wirtschaftlichen Druck und manche in finanzielle Schieflage. Im schlimmsten [&hellip;]" />
<meta property="og:url" content="https://probono-rechtsberatung.de/en/veranstaltung/corona-spezial-insolvenz-und-vorstandshaftung/" />
<meta property="og:site_name" content="Pro Bono Rechtsberatung" />
<meta name="twitter:card" content="summary_large_image" />
<meta name="twitter:label1" content="Est. reading time" />
	<meta name="twitter:data1" content="1 minute" />
<script type="application/ld+json" class="yoast-schema-graph">{"@context":"https:\/\/schema.org","@graph":[{"@type":"WebPage","@id":"https:\/\/probono-rechtsberatung.de\/en\/veranstaltung\/corona-spezial-insolvenz-und-vorstandshaftung\/","url":"https:\/\/probono-rechtsberatung.de\/en\/veranstaltung\/corona-spezial-insolvenz-und-vorstandshaftung\/","name":"Corona-Spezial: Insolvenz und Vorstandshaftung &#8226; Pro Bono Rechtsberatung","isPartOf":{"@id":"https:\/\/probono-rechtsberatung.de\/en\/#website"},"datePublished":"2021-12-04T12:04:55+00:00","breadcrumb":{"@id":"https:\/\/probono-rechtsberatung.de\/en\/veranstaltung\/corona-spezial-insolvenz-und-vorstandshaftung\/#breadcrumb"},"inLanguage":"en-US","potentialAction":[{"@type":"ReadAction","target":["https:\/\/probono-rechtsberatung.de\/en\/veranstaltung\/corona-spezial-insolvenz-und-vorstandshaftung\/"]}]},{"@type":"BreadcrumbList","@id":"https:\/\/probono-rechtsberatung.de\/en\/veranstaltung\/corona-spezial-insolvenz-und-vorstandshaftung\/#breadcrumb","itemListElement":[{"@type":"ListItem","position":1,"name":"Startseite","item":"https:\/\/probono-rechtsberatung.de\/en\/"},{"@type":"ListItem","position":2,"name":"Events","item":"https:\/\/probono-rechtsberatung.de\/en\/veranstaltungen\/"},{"@type":"ListItem","position":3,"name":"Corona-Spezial: Insolvenz und Vorstandshaftung"}]},{"@type":"WebSite","@id":"https:\/\/probono-rechtsberatung.de\/en\/#website","url":"https:\/\/probono-rechtsberatung.de\/en\/","name":"Pro Bono Rechtsberatung","description":"für Non-Profit-Organisationen","publisher":{"@id":"https:\/\/probono-rechtsberatung.de\/en\/#organization"},"potentialAction":[{"@type":"SearchAction","target":{"@type":"EntryPoint","urlTemplate":"https:\/\/probono-rechtsberatung.de\/en\/?s={search_term_string}"},"query-input":{"@type":"PropertyValueSpecification","valueRequired":true,"valueName":"search_term_string"}}],"inLanguage":"en-US"},{"@type":"Organization","@id":"https:\/\/probono-rechtsberatung.de\/en\/#organization","name":"Pro Bono Rechtsberatung","url":"https:\/\/probono-rechtsberatung.de\/en\/","logo":{"@type":"ImageObject","inLanguage":"en-US","@id":"https:\/\/probono-rechtsberatung.de\/en\/#\/schema\/logo\/image\/","url":"https:\/\/probono-rechtsberatung.de\/wp-content\/uploads\/2021\/11\/upj-pro_bono_weblogo-01.svg","contentUrl":"https:\/\/probono-rechtsberatung.de\/wp-content\/uploads\/2021\/11\/upj-pro_bono_weblogo-01.svg","width":1010,"height":164,"caption":"Pro Bono Rechtsberatung"},"image":{"@id":"https:\/\/probono-rechtsberatung.de\/en\/#\/schema\/logo\/image\/"}}]}</script>
<!-- / Yoast SEO plugin. -->

Durch die Corona-Pandemie und nicht zuletzt die getroffenen Maßnahmen zur Eindämmung der Pandemie, geraten aktuell viele gemeinnützige Organisationen und Sozialunternehmen unter wirtschaftlichen Druck und manche in finanzielle Schieflage. Im schlimmsten [&hellip;]

für Non-Profit-Organisationen
